07000011?
False
Is 157469973 a multiple of 849?
True
Is 20835397 a multiple of 188?
False
Does 477 divide 2419189044?
False
Is 376063536 a multiple of 16?
True
Is 13 a factor of 9878040?
False
Is 4883 a factor of 112243890?
False
Does 1910 divide 196799058?
False
Does 300 divide 69858127?
False
Does 20 divide 825603100?
True
Is 77 a factor of 18468623?
False
Is 5528 a factor of 1034653648?
True
Is 42533627 a multiple of 277?
True
Does 169 divide 728138528?
True
Does 311 divide 120441592?
True
Does 3307 divide 344301691?
True
Is 2100124512 a multiple of 909?
True
Is 1424 a factor of 2332849327?
False
Is 5 a factor of 157220357?
False
Is 465070260 a multiple of 886?
True
Is 346218912 a multiple of 1209?
True
Is 2 a factor of 30926915?
False
Does 28 divide 411290572?
True
Is 500985025 a multiple of 249?
False
Does 517 divide 129113512?
True
Is 23840649 a multiple of 63?
True
Does 305 divide 6177625?
False
Is 76 a factor of 48921656?
True
Is 15684247 a multiple of 96?
False
Is 38 a factor of 8039400?
False
Is 21 a factor of 1426578384?
True
Does 347 divide 56378217?
False
Is 454114383 a multiple of 54?
False
Does 2266 divide 418563956?
False
Is 866320 a multiple of 1190?
True
Does 4 divide 8489010?
False
Does 205 divide 516828370?
True
Is 4 a factor of 1105844494?
False
Is 328 a factor of 58543408?
True
Does 56 divide 282677262?
False
Is 1695 a factor of 616680567?
False
Is 45 a factor of 1361573458?
False
Is 3891 a factor of 1852477863?
True
Is 11760656 a multiple of 1048?
True
Does 336 divide 55187454?
False
Is 8696180 a multiple of 34?
True
Is 123534371 a multiple of 29?
False
Is 89 a factor of 526794092?
False
Is 669 a factor of 1449446237?
False
Is 39 a factor of 60536646?
False
Does 2417 divide 34402955?
False
Does 24 divide 60058944?
True
Does 6 divide 96376722?
True
Is 606219521 a multiple of 19?
False
Is 1389 a factor of 515084870?
False
Is 99 a factor of 164792083?
False
Does 1090 divide 243525757?
False
Is 963 a factor of 83219633?
False
Is 5584780 a multiple of 185?
True
Is 3463044 a multiple of 26?
True
Does 63 divide 26612901?
True
Is 14 a factor of 989436?
True
Does 2464 divide 191674560?
True
Does 4684 divide 53858061?
False
Does 679 divide 3036755833?
False
Does 373 divide 97356357?
True
Is 2322 a factor of 35302385?
False
Is 12854660 a multiple of 52?
True
Does 623 divide 433627351?
False
Is 192558840 a multiple of 870?
True
Does 29 divide 54991605?
False
Does 81 divide 238854205?
False
Is 26 a factor of 1282840?
True
Does 567 divide 3060609?
False
Does 79 divide 13456386?
True
Is 1338520262 a multiple of 73?
True
Is 13 a factor of 2378896780?
True
Does 3463 divide 48545200?
False
Does 3025 divide 96841111?
False
Is 3 a factor of 11125203?
True
Does 110 divide 687969150?
True
Does 1730 divide 3369593660?
True
Does 2502 divide 2191691605?
False
Is 11049964 even?
True
Is 337120338 a multiple of 147?
False
Is 8854152 a multiple of 228?
True
Does 1051 divide 53578902?
False
Does 446 divide 2925760?
True
Is 17 a factor of 140402975?
False
Does 341 divide 18090391?
True
Is 46 a factor of 1016969012?
True
Is 510820602 a multiple of 167?
True
Does 40 divide 3912662?
False
Is 182227769 a multiple of 39?
False
Is 17739372 a multiple of 14?
True
Is 37096528 a multiple of 196?
True
Does 215 divide 80623710?
True
Is 14 a factor of 896462?
True
Is 84814481 a multiple of 31?
True
Is 5864 a factor of 727130136?
True
Does 7076 divide 1209980712?
False
Is 3341 a factor of 48394268?
False
Is 299818946 a multiple of 2?
True
Does 17 divide 53731067?
True
Does 384 divide 25158282?
False
Is 160491072 a multiple of 1867?
False
Is 177262696 a multiple of 1812?
False
Is 169304151 a multiple of 10?
False
Is 101 a factor of 988113603?
True
Is 439 a factor of 165073658?
True
Does 1830 divide 63872223?
False
Is 80527224 a multiple of 1108?
True
Is 482298729 a multiple of 33?
True
Is 13 a factor of 999969368?
False
Is 1274542111 a multiple of 248?
False
Is 451935729 a multiple of 1197?
True
Is 1076893200 a multiple of 225?
True
Is 246 a factor of 170314410?
True
Does 8 divide 54040312?
True
Does 1495 divide 14573784?
False
Is 187 a factor of 25118214?
True
Is 297 a factor of 15444000?
True
Is 6925253 a multiple of 779?
False
Does 24 divide 87457794?
False
Is 50628013 a multiple of 107?
True
Does 223 divide 47411398?
False
Is 638799926 a multiple of 105?
False
Is 27 a factor of 23551857?
True
Does 2718 divide 105336090?
True
Is 39 a factor of 95124783?
True
Is 4368 a factor of 335541024?
True
Is 1492 a factor of 191669111?
False
Does 41 divide 3423096538?
False
Does 23 divide 42988541?
True
Is 5 a factor of 1738080?
True
Is 31914246 a multiple of 8?
False
Does 436 divide 2368460365?
False
Is 4271981 a multiple of 44?
False
Does 180 divide 38234270?
False
Is 1059 a factor of 3120873?
True
Is 4 a factor of 23934600?
True
Does 126 divide 4214608887?
False
Is 25731928 a multiple of 41?
True
Is 1000586 a multiple of 7?
False
Does 2757 divide 642569512?
False
Does 1189 divide 117744292?
True
Is 128 a factor of 461500708?
False
Is 538745354 a multiple of 35?
False
Is 337 a factor of 12933692?
False
Is 13 a factor of 11323?
True
Is 315624263 a multiple of 318?
False
Is 10802376 a multiple of 312?
True
Does 173 divide 19216140?
False
Is 6988446 a multiple of 774?
True
Does 21 divide 297215688?
True
Does 6206 divide 5335750472?
False
Is 1301 a factor of 27499449?
False
Is 29 a factor of 361462819?
False
Is 445 a factor of 14885936?
False
Does 1864 divide 155753976?
True
Is 145590598 a multiple of 4462?
True
Is 190245520 a multiple of 90?
False
Is 10 a factor of 1347112980?
True
Is 4743 a factor of 2842912527?
False
Is 338 a factor of 64025988?
True
Does 90 divide 162605608?
False
Is 530766670 a multiple of 174?
False
Is 283 a factor of 324890557?
False
Is 8854 a factor of 1043603722?
False
Does 26 divide 2563814448?
True
Does 146 divide 1413136482?
True
Does 739 divide 13397331?
True
Is 8 a factor of 135467808?
True
Does 32 divide 4957184?
True
Is 58 a factor of 179782310?
True
Does 13 divide 341651362?
True
Is 21 a factor of 6948441?
False
Does 5306 divide 699730835?
False
Is 6703736 a multiple of 584?
True
Is 2658 a factor of 112529088?
True
Is 172 a factor of 11177592?
True
Does 10 divide 1071800?
True
Does 83 divide 31170318?
True
Does 1026 divide 43895965?
False
Does 4456 divide 2626887752?
True
Does 16 divide 723233712?
True
Is 5 a factor of 8534885?
True
Is 9465974 a multiple of 42?
False
Does 2 divide 21504190?
True
Is 25180892 a multiple of 44?
True
Is 205 a factor of 55858605?
True
Is 13 a factor of 395060315?
True
Is 40 a factor of 99679400?
True
Is 507680902 a multiple of 29?
True
Is 143 a factor of 21906986?
False
Is 1936 a factor of 174398752?
True
Is 420 a factor of 174589857?
False
Is 19592268 a multiple of 883?
False
Is 193 a factor of 2631582250?
False
Is 45873339 a multiple of 787?
False
Is 44708521 a multiple of 17?
True
Is 5 a factor of 4456880?
True
Does 178 divide 8257598?
True
Is 21807640 a multiple of 16?
False
Does 11 divide 1569654241?
False
Is 139 a factor of 1396078887?
True
Is 66601707 a multiple of 57?
True
Is 146 a factor of 8427266?
True
Does 296 divide 323705187?
False
Does 5019 divide 14309169?
True
Is 161621458 even?
True
Is 588055743 a multiple of 1353?
True
Is 89997304 a multiple of 61?
False
Is 16584 a factor of 2448179832?
True
Is 2947 a factor of 392260435?
True
Does 3 divide 133955700?
True
Does 9 divide 45815303?
False
Does 214 divide 1652500213?
False
Is 3616 a factor of 244600010?
False
Does 10 divide 149873710?
True
Is 4062 a factor of 42396347?
False
Is 511546050 a multiple of 450?
True
Does 29 divide 952306466?
True
Is 1224712952 a multiple of 3468?
False
Is 472 a factor of 54795789?
False
Does 97 divide 2334887?
True
Is 26411868 a multiple of 63?
True
Is 161 a factor of 15914533?
False
Does 272 divide 20948924?
False
Is 180 a factor of 86648040?
True
Is 334 a factor of 43042914?
True
Is 27814600 a multiple of 1076?
True
Is 11744946 a multiple of 164?
False
Is 89 a factor of 66991024?
False
Is 5 a factor of 32181183?
False
Does 3 divide 140190?
True
Does 233 divide 140551675?
False
Does 7 divide 31854862?
False
Does 1880 divide 57729160?
True
Does 15 divide 34769490?
True
Is 1578598732 a multiple of 49?
False
Does 22 d